6. Is v a prime number?
False
Suppose 4*t - 7*t = -46617. Is t a prime number?
False
Let h(m) be the second derivative of m**5/20 - m**4/2 + 7*m**3/6 - 5*m**2 - 7*m. Let j be h(5). Suppose j = 3*f - 765 - 636. Is f a composite number?
False
Let t = 216 + 30911. Is t a composite number?
True
Let m be (-15)/10*20/(-15). Suppose 2*t = -4*k + 1294, -5 = -m*t + 5. Is k prime?
False
Is (-10)/(-6)*(659310/25 + 0) a prime number?
False
Suppose -2*d - 4*h + 3710 = 0, -2*d - 2*h + 3710 = h. Suppose -39*z + 34*z + d = 0. Is z prime?
False
Suppose -6560 = -o - 5*b - 2087, 0 = 3*o + 2*b - 13380. Suppose 0 = 4*z + 3*d - 4*d - o, -1113 = -z + d. Is z a prime number?
False
Suppose 0 = 3*f + 2*o - 749, -344 = -2*f + 4*o + 134. Let b = 90 + f. Is b composite?
False
Suppose -108992 - 649824 = -32*i. Is i composite?
True
Let r(w) = 5*w**2 - 12*w + 29. Let u be r(5). Suppose -90*j - 1940 = -u*j. Is j prime?
False
Let k be -2*3/(-4)*-2. Let z(q) = 156*q + 5. Let v(b) = -155*b - 6. Let x(n) = -6*v(n) - 7*z(n). Is x(k) a composite number?
False
Let w(f) = -f**3 + f**2 + 5*f + 2. Let i be w(-5). Let p = -19 - -18. Is i*p*(-3 - -2) a prime number?
True
Let v(p) = -p**2 - 8*p - 3. Let o be v(-8). Let y = o + 7. Suppose -y*r - c - 3*c + 208 = 0, -3*r - 4*c = -153. Is r a composite number?
True
Let a(c) = -2*c**3 - 2*c**2 - 3*c + 4. Let y(z) = z**2 + 10*z + 2. Let f be y(-10). Let n be a(f). Is 145*(3 + n/10) prime?
False
Suppose -4*w = 49 - 33. Let d(p) = -14*p - 3. Is d(w) a composite number?
False
Is 3/(-9) - (-1830982)/111 a prime number?
False
Suppose -2*a - 2*g + 6*g + 19354 = 0, -3*a + 29031 = -2*g. Is a composite?
False
Let g = -2920 - -9989. Is g a prime number?
True
Let c = 508 - -34. Is c prime?
False
Let m(c) = -c**3 - 4*c**2 - 3*c - 3. Let p be m(-4). Let o = p + 4. Let g = 36 + o. Is g composite?
True
Let w be 2*(-1 + 5)/4. Suppose -w*t - 13 = 5*z, -3*z - 12 = -4*t + t. Is 93*(1/(-1))/z composite?
False
Suppose 128*z - 232072 = 120*z. Is z a prime number?
True
Suppose 2 = -x - 0, x = 2*d - 4194. Let a = d + -1461. Is a composite?
True
Let c(t) be the first derivative of -t**5/20 + 13*t**4/12 + 2*t**3 - 11*t**2/2 + 10*t + 2. Let k(x) be the first derivative of c(x). Is k(13) a prime number?
False
Suppose 125*g - 132*g = -702023. Is g prime?
False
Let l = -9053 + 12892. Is l composite?
True
Let s(m) = m**3 + 13*m**2 - 125*m + 44. Is s(27) prime?
False
Let v = -1 - -5. Let g = v + 150. Suppose -g - 183 = -3*w - 5*j, -442 = -4*w - 3*j. Is w prime?
True
Let v = -9 - -8. Let x be 4/((-2)/v) - -91. Suppose -5*w - x + 1558 = 0. Is w prime?
True
Let o(a) = 24*a**2 - 45*a - 110. Is o(63) a composite number?
False
Let r(t) = 6*t**2 - 6*t + 3. Let v be r(4). Is 6/10 + 5/(v/2346) composite?
False
Let c(a) = 18*a + 2. Let k be c(5). Suppose 2*d = 138 + k. Is d a composite number?
True
Suppose -4*a = -2*h - 16, -a = 2*h + 2 - 6. Let u = h + 5. Suppose 4*p = 5*d - 2*d + 907, u*p + 2*d - 1105 = 0. Is p a composite number?
False
Suppose 5*p + 7 + 8 = 0, -2*c + 35320 = -6*p. Is c a prime number?
False
Let u = -10 - -11. Let r(m) = -u - 7*m + m**3 - 4*m**2 + 6 - 2. Is r(8) a prime number?
False
Let l = -50 - -52. Suppose 638 = 2*z + 3*i + 130, z - l*i - 247 = 0. Is z prime?
True
Let n(x) = x**3 + 15*x**2 - 6*x + 3. Let w = 92 + -105. Is n(w) prime?
True
Let h(z) = z**3 + 8*z**2 + 7*z + 3. Let b be h(-7). Suppose -4*d = -b*d. Suppose -4*k - 5*j + 222 = d, j = -4*j + 10. Is k a composite number?
False
Let f(m) = 6*m**3 + m**2 - 2*m + 1. Let w be f(1). Suppose -c + b = 386, -4*c = 4*b - w*b + 1548. Let z = c + 641. Is z a composite number?
True
Let i(h) = 17*h**2 + 14*h - 17. Is i(-24) composite?
False
Let c = 145 + -141. Suppose 0 = -4*x + c*r + 8156, -7*r + 8 = -3*r. Is x a prime number?
False
Let y = 102 + -58. Suppose 2*r - 6*r + 8 = 0. Let v = r + y. Is v a prime number?
False
Let j = -3779 + 5488. Is j prime?
True
Let n = 88 + -47. Suppose -5*v + 5*q + 66 + 79 = 0, -n = -v - 5*q. Is v a prime number?
True
Let g = 45670 + -24585. Is g a prime number?
False
Let g(o) = -782*o + 25. Is g(-5) a composite number?
True
Suppose -2*f + 944 = 2*f. Suppose -f = -m - 3*m. Suppose x - 174 - m = 0. Is x prime?
True
Suppose 7*i - 19 = 16. Suppose -3*b - i*o = 1998, -5*o = -0*b + b + 666. Let p = -455 - b. Is p a prime number?
True
Let f be 3 - ((-20)/(-1))/(-1). Let p = -22 + f. Is (-7)/(-14)*(583 - p) a prime number?
False
Suppose 528 = -4*g + 6*g. Let h = g + 127. Is h prime?
False
Let y(b) = 53*b + 10. Let t be y(6). Let d = -179 + t. Suppose 7*v + d = 8*v. Is v a prime number?
True
Let b = -212 + 1323. Is b composite?
True
Let w(f) = -20*f**2 + 3*f + 2. Let d be w(-2). Let u be (-12)/(-66) - d/22. Is (51 + u)*(0 + 1) prime?
False
Let y = -4715 + 6921. Is y composite?
True
Let r(l) = l**3 - 10*l**2 - 3*l + 24. Let v be r(12). Suppose 6*g = v + 558. Is g prime?
True
Let n = 172 + -316. Let j(g) = -48*g + 7. Let a be j(8). Let z = n - a. Is z composite?
False
Let i(y) be the second derivative of y**5/20 - 3*y**4/4 - 19*y**3/6 - 2*y**2 + 5*y. Is i(15) composite?
False
Let x(y) = 6*y**2 + 3*y**2 - 4*y**3 + 3*y**3 + 8. Let o be x(9). Suppose 4*i = o*i - 652. Is i a composite number?
False
Suppose -r = -5*w - 7 - 11, -12 = 4*w. Is 1/r + 668/(-9)*-3 a composite number?
False
Let u be ((-54)/6)/(5 + -4). Is 484 - u/(-6)*-2 a prime number?
True
Is (-209430)/(-42) + (-24)/(-42) prime?
True
Suppose 0 = 4*s + 18182 - 68730. Is s composite?
False
Let o(q) = q**2 + 6*q - 14. Let c be o(-8). Suppose -6*a = -c*a - 1276. Is a a composite number?
True
Let j(w) be the third derivative of -w**5/60 - w**4/24 + 127*w**3/6 - w**2. Let r = -119 + 119. Is j(r) a prime number?
True
Let i(y) = y**3 + 6*y**2 + 2*y - 2. Let r be i(-6). Let m be (-9)/(-4) + r/56. Is 53/m*(1 + 1) a composite number?
False
Let b be (42/(-8))/(1/892). Is (-15)/10 + b/(-6) composite?
True
Suppose 6*q = 8*q - 4. Let l(s) = 53*s + 9. Is l(q) prime?
False
Suppose -20530 = -6*a - 4*a. Is a prime?
True
Suppose 5*x = -0*x. Suppose -94 = -2*w + 2*m, -3*w - 5*m + 53 + 56 = x. Is w composite?
False
Let g be (-1 + 4)*(-36)/(-54). Suppose -g*k + 142 = -80. Is k prime?
False
Let p = 11750 - 8323. Is p prime?
False
Let o(z) = z + 12. Let q be o(-8). Suppose q*v = 2*v + 1416. Suppose 4*i - v = -0*i. Is i a prime number?
False
Let s(r) = 3539*r - 48. Is s(1) a composite number?
False
Suppose 8507 = -3*l + 54830. Is l prime?
False
Let l(j) = 2*j**3 - 8*j**2 - 4*j - 1. Let f(v) = v**3 - 5*v**2 - v + 9. Let x be f(5). Suppose 0 = x*a - 17 - 7. Is l(a) composite?
True
Let j be -2 + (-1 - (-1352)/2). Suppose -q = -j - 246. Suppose -151 = -5*u + q. Is u a prime number?
False
Suppose 35 = 8*c + 11. Suppose -q - 4*r = -264 - 128, q + c*r - 397 = 0. Suppose -2*k + q = 98. Is k composite?
False
Let z(x) = -x**2 - 11*x - 8. Let t be z(-9). Suppose -26 = -2*o + 5*d, 2*o + 6*d - 3*d = t. Is (-79)/(-2)*32/o prime?
False
Suppose -2*m = 10*j - 12*j - 58662, j + 87989 = 3*m. Is m a composite number?
True
Let i(o) = -7*o + 4. Let m be (-1 - 2)/(-3) + -4. Let q be i(m). Suppose 4*h - 586 - 37 = b, -q = -5*b. Is h a prime number?
True
Is (-10 + (10 - -3))/(3/179) composite?
False
Let l be (2 - 10/8) + (-3)/4. Suppose 5*o + 238 - 1253 = l. Is o prime?
False
Let t(w) = w**3 - 3*w**2 + 7*w - 5. Suppose -4*o - 4 = -3*p, 5*o = 4*p - 6 - 1. Is t(p) a prime number?
False
Suppose 0 = -6*z + 2 + 16. Suppose 16 = z*g + 1. Let c(x) = x**2 - 2*x + 4. Is c(g) prime?
True
Suppose -24201 = -16*f + 83303. Is f prime?
True
Suppose 74 - 696 = -2*c. Is c prime?
True
Let s(o) = -o**3 + 8*o**2 - o + 9. Let d be s(8). Is (-374)/(4/(-2)*d) a prime number?
False
Let s = -7 + 3. Let f be s/(-18) - (-300)/108. Is ((-716)/(-12) - -2)*f a prime number?
False
Let c = 80 - 6. Let g = -31 + c. Suppose 24 = i - g. Is i composite?
False
Suppose 0 = -2*i + 4*a + 22, 5*i - 45 = a + 4*a. Is (158 - -1)*(245/15)/i a prime number?
False
Suppose -4*f + 197 = 3*x, 288 = 3*x + x - f. Suppose x*j - 75*j + 4072 = 0. Is j prime?
False
Let s = 4138 + -1235. Is s a composite number?
False
Suppose -5*r - 9561 - 2079 = -2*m, -4*r = 8. Is m prime?
False
Let i(d) = -985*d + 3. Let p = 133 - 135. Is i(p) a composite number?
False
Is (-32622)/(-4)*(-84)/(-126) prime?
True
Let i(c) = -50*c + 31. Let s be (-5 + 6)*-8 - 